r?
False
Is 9359585 composite?
True
Is 7907803 composite?
True
Is 200358869 prime?
False
Is 5622691 a prime number?
True
Is 55398493 a prime number?
True
Is 18027169 a composite number?
False
Is 278347 prime?
True
Is 8178871 a composite number?
True
Is 111708587 prime?
False
Is 37747883 prime?
False
Is 759923 prime?
True
Is 586189 prime?
True
Is 3692357 composite?
False
Is 1249559 composite?
False
Is 126564965 composite?
True
Is 107587847 a composite number?
False
Is 5237839 prime?
True
Is 237538919 prime?
False
Is 563606957 a prime number?
False
Is 516049 composite?
False
Is 61279811 a composite number?
False
Is 3858401 a composite number?
False
Is 1426781 composite?
False
Is 36157637 a composite number?
True
Is 1024843697 a composite number?
False
Is 948842857 a prime number?
True
Is 359810959 composite?
True
Is 366912607 a composite number?
False
Is 4535689 prime?
True
Is 14530507 prime?
False
Is 1738273 prime?
True
Is 422883353 prime?
True
Is 20373241 a composite number?
True
Is 8381699 a prime number?
True
Is 2380907 a composite number?
False
Is 28948429 a composite number?
False
Is 335317277 a prime number?
False
Is 40024001 a composite number?
True
Is 888823 a composite number?
True
Is 162753649 composite?
False
Is 28763723 prime?
True
Is 9793579 composite?
True
Is 3554579 prime?
False
Is 2975797 a prime number?
False
Is 148861847 composite?
False
Is 4554461 a composite number?
False
Is 183994597 prime?
True
Is 14803403 prime?
True
Is 122384791 a prime number?
False
Is 6300821 prime?
True
Is 16758653 composite?
True
Is 188660071 prime?
False
Is 1474743 a composite number?
True
Is 199359857 a composite number?
False
Is 23751687 composite?
True
Is 2449387 prime?
True
Is 25740521 a prime number?
True
Is 177153881 a composite number?
True
Is 114094451 prime?
True
Is 11062477 composite?
True
Is 64869239 a composite number?
False
Is 1028353 prime?
False
Is 561499 prime?
False
Is 156833141 prime?
False
Is 9534851 a prime number?
True
Is 18706241 a prime number?
False
Is 888833 a prime number?
False
Is 8782291 prime?
False
Is 20844323 composite?
False
Is 349651133 prime?
False
Is 2552909 a prime number?
False
Is 5395651 composite?
False
Is 71024309 composite?
False
Is 880723 a composite number?
False
Is 212866417 a composite number?
True
Is 273443 prime?
False
Is 5008538 composite?
True
Is 113753479 a composite number?
True
Is 112074058 composite?
True
Is 5167471 a prime number?
True
Is 1828171247 prime?
False
Is 43291081 prime?
False
Is 826751831 a prime number?
True
Is 275039465 prime?
False
Is 35206949 a prime number?
False
Is 38546719 prime?
True
Is 602842547 a composite number?
True
Is 31196987 prime?
True
Is 769067 a composite number?
True
Is 273457 prime?
True
Is 4114969 prime?
False
Is 3884471 a composite number?
True
Is 967259 a composite number?
False
Is 217362694 prime?
False
Is 51573703 composite?
False
Is 544097 a prime number?
True
Is 469041 a composite number?
True
Is 6199363 a composite number?
False
Is 554887 a composite number?
False
Is 303432383 composite?
False
Is 256667297 a composite number?
True
Is 1105141 a prime number?
True
Is 164479 a prime number?
False
Is 787268389 composite?
False
Is 14373545 a prime number?
False
Is 211777 composite?
False
Is 64690243 a prime number?
True
Is 4613729 a composite number?
False
Is 85511329 a prime number?
False
Is 67675973 prime?
True
Is 26336699 composite?
False
Is 801247 a prime number?
True
Is 37757303 composite?
True
Is 7816181 composite?
True
Is 158724187 composite?
True
Is 1743493 prime?
False
Is 9021269 a composite number?
False
Is 4030007 a prime number?
True
Is 33851494 a composite number?
True
Is 943895077 a prime number?
True
Is 1383253 prime?
False
Is 26614651 a composite number?
True
Is 14271241 prime?
True
Is 969132909 prime?
False
Is 10811429 a prime number?
False
Is 1018261 composite?
True
Is 83537 a prime number?
True
Is 55619347 a composite number?
True
Is 67927 prime?
True
Is 1027438 a prime number?
False
Is 363208886 composite?
True
Is 252131 prime?
False
Is 1456379 composite?
True
Is 37477417 a composite number?
False
Is 516419017 prime?
True
Is 2540077 prime?
False
Is 42048467 a composite number?
False
Is 1057079 a prime number?
False
Is 75289013 a prime number?
False
Is 132991121 prime?
True
Is 99564407 prime?
True
Is 1865509 a prime number?
True
Is 20071747 composite?
True
Is 941723 a prime number?
True
Is 84945293 composite?
False
Is 2170351 a composite number?
True
Is 974607343 a prime number?
False
Is 207227 composite?
False
Is 46656587 a composite number?
False
Is 38098409 a prime number?
True
Is 1507367 a composite number?
True
Is 5160079 a composite number?
False
Is 26358497 composite?
True
Is 10873769 prime?
False
Is 1102469 composite?
True
Is 14380219 prime?
False
Is 6598649 a prime number?
True
Is 16948691 a prime number?
True
Is 190515841 a composite number?
False
Is 12985969 prime?
True
Is 71501245 a composite number?
True
Is 68111513 a composite number?
False
Is 8412329 a prime number?
True
Is 10797997 composite?
True
Is 28201207 composite?
False
Is 5989889 composite?
False
Is 12124617 a prime number?
False
Is 18433033 a composite number?
True
Is 17642327 a prime number?
True
Is 22639861 a prime number?
True
Is 92572759 composite?
False
Is 615871 composite?
True
Is 2089267 a composite number?
False
Is 11411921 composite?
False
Is 275757827 composite?
False
Is 21969841 a prime number?
False
Is 401481757 a composite number?
False
Is 283256089 composite?
True
Is 12324497 composite?
False
Is 12565439 a composite number?
True
Is 249126061 composite?
False
Is 185799 prime?
False
Is 9620671 a prime number?
True
Is 9132547 a composite number?
True
Is 104399857 prime?
False
Is 165418454 a composite number?
True
Is 132085229 composite?
False
Is 3821233 a composite number?
True
Is 228552517 composite?
True
Is 119416967 a composite number?
False
Is 4213751 composite?
True
Is 143183231 a prime number?
False
Is 29902661 prime?
False
Is 31059209 a prime number?
False
Is 62212771 a composite number?
False
Is 103258621 a prime number?
True
Is 592751 composite?
True
Is 2597813 a prime number?
False
Is 4133449 composite?
False
Is 11658743 prime?
False
Is 12628199 composite?
False
Is 1381397 a prime number?
True
Is 5085187 composite?
False
Is 696017 prime?
False
Is 13932239 a composite number?
True
Is 1342177 prime?
True
Is 57546637 composite?
False
Is 738151 a composite number?
False
Is 49572817 a composite number?
True
Is 3732761 a composite number?
False
Is 489972913 prime?
True
Is 13821779 a composite number?
False
Is 222409 a composite number?
True
Is 87089269 composite?
True
Is 17976377 a prime number?
False
Is 47417207 a prime number?
False
Is 20773583 prime?
False
Is 2014697 a composite number?
False
Is 8315962 a prime number?
False
Is 38327461 a prime number?
True
Is 55215491 composite?
False
Is 92694911 prime?
True
Is 8289793 composite?
True
Is 20544283 composite?
False
Is 1421947 composite?
True
Is 885331 a prime number?
True
Is 999272413 a prime number?
False
Is 147847 a composite number?
True
Is 17729557 a composite number?
True
Is 312771373 composite?
False
Is 156011239 a prime number?
True
Is 499903 a composite number?
False
Is 3466237 prime?
False
Is 23805511 composite?
False
Is 250303921 composite?
True
Is 58547953 composite?
False
Is 329662 composite?
True
Is 2029939 composite?
False
Is 2624957 composite?
False
Is 13046821 a composite number?
False
Is 1366601 a composite number?
False
Is 57896023 prime?
True
Is 2288813 a prime number?
False
Is 3352957 a prime number?
True
Is 1963991 a composite number?
True
Is 55892513 a prime number?
True
Is 64961353 prime?
False
Is 161341079 a prime number?
True
Is 5927671 prime?
False
Is 23215459 a composite number?
False
Is 20335667 a composite number?
True
Is 29099047 composite?
True
Is 1484813917 prime?
True
Is 33319669 prime?
False
Is 8605733 composite?
False
Is 4049093 prime?
True
Is 172903859 prime?
False
Is 4318729 prime?
True
Is 408880273 prime?
True
Is 149445843 composite?
True
Is 9171727 a composite number?
True
Is 3000161 a composite number?
False
Is 22715783 a prime number?
False
Is 321421967 a prime number?
False
Is 4109663 a prime number?
False
Is 5783231 a composite number?
True
Is 827569 a pri